 of y(13)?
2, 3, 7
Suppose 133269 = p + 2*p. Suppose -31*n = -0*n - p. What are the prime factors of n?
1433
Let x(b) = -2*b - 22. Let l be x(-10). Let y be (-2)/4*(0 - l). List the prime factors of ((y - 1) + -22)/((-9)/12).
2
Let z(p) = 10407*p**2 + 74*p. What are the prime factors of z(-1)?
10333
Let t(x) = -10*x + 53. Let m(p) = 7*p - 25. Let i be m(4). Suppose -26 = 3*n + b, -2*b = i*b - 20. What are the prime factors of t(n)?
3, 17
Let d = -92351 - -149937. List the prime factors of d.
2, 28793
Suppose -2*c + 18064 = -4*g, -99*g - 9039 = -c - 104*g. What are the prime factors of c?
2, 4517
Suppose 119*q - 111*q - 32 = 0. Suppose q*b - 1868 = -2*m, 4*m - b = 1337 + 2372. What are the prime factors of m?
2, 29
Suppose -2*r - 4*f - 58 = 310, 2*r + 2*f + 360 = 0. Let c = r - -747. What are the prime factors of c?
571
Suppose 62*g + 18 = 68*g. Suppose g*j + 22*j = 6450. What are the prime factors of j?
2, 3, 43
Suppose -d + 585 + 856 = 0. Suppose 5*z + d = 16*z. What are the prime factors of z?
131
Let j = 64 + -60. Suppose l - j*r - 482 = 0, 4*l + 0*l = 4*r + 1892. Suppose -185 = 3*y - l. What are the prime factors of y?
5, 19
Let w = -6236 - -20296. List the prime factors of w.
2, 5, 19, 37
Let i = -325 - -6692. List the prime factors of i.
6367
What are the prime factors of 24684/5 + (-17)/(-85)?
4937
Suppose -61 = -2*q + 93. Let h = q - 73. Suppose -2*o + 258 = h*o. List the prime factors of o.
43
Suppose 177023 = 172*k + 16891. What are the prime factors of k?
7, 19
List the prime factors of 8*2441 + (5 - 14).
131, 149
Let v = -238 - -238. Suppose -11*y + 0*y + 3190 = v. List the prime factors of y.
2, 5, 29
Suppose 5*r = m + 74628, -r + 4*m + 2450 = -12506. List the prime factors of r.
2, 7, 13, 41
Let s(w) = 36*w**2 - 23*w - 3. Let x(z) = 18*z**2 - 11*z - 1. Let r(o) = -2*s(o) + 5*x(o). List the prime factors of r(-4).
5, 13
Let g be 7 + 0 - (11 - 3). Let c(s) = 340*s**2 + 4*s + 3. List the prime factors of c(g).
3, 113
Let o = -199 + 203. Suppose y + s = 711, 5*y + o*s - 3*s = 3563. What are the prime factors of y?
23, 31
Suppose 0 = -4*p + 3*s + 17296, 2017*p - 2020*p - 2*s = -12989. What are the prime factors of p?
4327
Suppose -28 = -12*m + 8. Suppose 5*q = m*c - 959, -2*c + 5*c - 2*q = 965. What are the prime factors of c?
17, 19
Let p(z) = -53*z + 18. Let b(j) = 106*j - 37. Let l(x) = 3*b(x) + 5*p(x). Let m be l(11). Suppose m = 12*c - 998. What are the prime factors of c?
2, 5, 13
Let k = 8 + -8. Let w(r) = r**3 - r**2 + r - 32. Let t be w(k). Let b = t + 86. What are the prime factors of b?
2, 3
Let q(k) = -k**3 + 6*k**2 - k + 6. Let z be q(6). Suppose -4*b + 5*f + 90 = 0, -3*b + b + 5*f + 50 = z. Suppose b + 51 = d. What are the prime factors of d?
71
Let i = -124 + 141. Let b be 22/(-187) + 36/i. Suppose -b*f - 2*g - 3*g + 403 = 0, -3*g = -f + 229. List the prime factors of f.
2, 107
Suppose 4*r + 20*c - 24*c - 18952 = 0, -3*r + 2*c = -14213. What are the prime factors of r?
3, 1579
Suppose -3*j = s - 26, 5*s + 4*j - 3 - 94 = 0. Let a(f) = 2*f**3 - 33*f**2 - 8*f - 16. List the prime factors of a(s).
137
Suppose 57*t + 47841 = 20*t. Let o = -168 - t. What are the prime factors of o?
3, 5
Suppose 41 = -j - 8*c + 11*c, 4*c - 194 = 5*j. Let s(t) = -3*t**3 - 2*t**2 + 4*t - 1. Let y be s(-3). Let a = y + j. List the prime factors of a.
2, 3
Let b be 7 + 3 - (-1 - -1). Let i be (-9 - 66)*(-48)/b. Suppose -2*j = -0*m - 4*m + i, 5*m - 435 = -5*j. What are the prime factors of m?
89
Suppose -2442*c = -2446*c + 204428. What are the prime factors of c?
7, 149
Let b(q) = -10*q**2 - 113*q + 30. Let t(z) = -12*z**2 - 113*z + 30. Let l(n) = 4*b(n) - 3*t(n). List the prime factors of l(-25).
5, 71
Let r(w) = -w + 26. Let f be r(23). Suppose 0 = -15*z + f + 27. What are the prime factors of z?
2
What are the prime factors of (-55)/(3025/(-6072))*(-255)/(-2)?
2, 3, 17, 23
Let z(k) = 156*k + 471. What are the prime factors of z(80)?
3, 1439
Suppose 6 = -8*n + 5*n. Let f(v) = -357*v - 98. What are the prime factors of f(n)?
2, 7, 11
Let o be (35/(-7) - -22) + 1. List the prime factors of o/(-3) + 2 - -449.
5, 89
Suppose -2*l = k - 8, 7*k - 5*l = 3*k + 58. Suppose 0 = k*b - 15406 - 3230. What are the prime factors of b?
1553
Let x be -3 - 3/2*(-4)/2. Let r = 2 - x. Suppose 4*l - 14 = -r. What are the prime factors of l?
3
Suppose 12*v - 16179 - 27033 = 0. Suppose -v*z - 1513 = -3602*z. What are the prime factors of z?
17, 89
List the prime factors of (3485/820)/(3/66084).
17, 5507
Let c be -1*(-4)/8*0. Suppose -4*j + 100 = 3*y - 365, c = -3*j + 2*y + 353. What are the prime factors of j?
3, 13
Suppose -17*x + 8 = -13*x. Suppose 2*q = 4*y - 2*q - 84, 45 = x*y - 5*q. What are the prime factors of y?
2, 5
Suppose 21*t = 16*t + 4*p + 47382, 4*p = -t + 9486. What are the prime factors of t?
2, 7, 677
What are the prime factors of 3579849/72 - (-25)/(-200)?
2, 5, 11, 113
Let b = -46 + 151. Suppose 35*z - b = 32*z. List the prime factors of z.
5, 7
Let o(f) = -2*f**3 + 11*f**2 + 5*f + 13. Let p be o(6). Suppose p*d + 17 = 8*d. Suppose 19*b = d*b + 108. What are the prime factors of b?
2, 3
Let y(a) = a**3 - 11*a**2 - 22*a - 3. Let g be y(10). Let j = g - -476. List the prime factors of j.
3, 17
Suppose 0*j = -3*j. Suppose -o + 2 = -j*o. Suppose 9*m - 574 = o*m. What are the prime factors of m?
2, 41
Suppose m - 15 + 4 = 3*w, 2*w = -4. Let i be (1/3)/(m/(-2340)*-4). Let z = 159 - i. What are the prime factors of z?
2, 3, 5
Let q(r) = r**3 + 61*r**2 - 65*r - 203. Let m be q(-62). Suppose 206 = 5*f - 4*p, 3*f - 100 = -p + 27. Let o = f + m. List the prime factors of o.
5
Suppose 2531 - 277 = -7*d. Let o = -43 - d. What are the prime factors of o?
3, 31
Suppose 48*b + 1321 = 4*i + 53*b, 0 = -5*i + 5*b + 1685. List the prime factors of i.
2, 167
Let k = -223 + 221. List the prime factors of (k*(-5)/20)/(3/1362).
227
List the prime factors of (8/(32/3937)*-3)/((-18)/48).
2, 31, 127
Let a(q) = -q**2 - 4*q - 3. Let r be a(-3). Suppose -10*f + 4046 + 3684 = r. List the prime factors of f.
773
Let o be (-39321)/(-18) + (28/(-8) - -3). Let v = 3332 - o. What are the prime factors of v?
2, 7, 41
List the prime factors of 1/((-3)/18) - (-4 + 220628/(-19)).
2, 3, 5, 43
List the prime factors of -5 + (37 - 17) + 41567.
2, 17, 1223
Let s(h) = 3*h - 24. Let g be s(9). Suppose g*q + 2*x = 297, 4*q - x - 410 = x. Suppose b - 53 = l, q = 3*b - 4*l - 59. What are the prime factors of b?
2, 13
Let b(g) = g**2 + 6*g + 11. Let p = 84 - 78. Let y be b(p). Let l = y - -66. List the prime factors of l.
149
Suppose 5*x + 24 - 34 = 0. Suppose -265 = -x*a + b, 132 = a - 2*b + 4. Let u = 212 - a. What are the prime factors of u?
2, 3, 13
Suppose 0*h + h - 97 = -5*o, -78 = -4*o - h. Suppose -18*t - 38 = -o*t. What are the prime factors of (-1 - t/(-8))/((-30)/(-320))?
2, 5
Suppose 0 = -2*u + 10 - 0. What are the prime factors of (3 - (u - -1))*59/(-3)?
59
Let w(d) = 75*d**2 + 4*d + 3. Let a = 681 + -682. List the prime factors of w(a).
2, 37
What are the prime factors of 100/(-150) - (-66076)/6?
2, 2753
Suppose 4*u - 4*s + s - 3 = 0, -2*s - 2 = 5*u. Suppose -2*q - q - 5698 = -5*r, -2*r + q + 2280 = u. What are the prime factors of r?
2, 571
Suppose 5*a - 4*a - 112 = -4*j, -3*j = 2*a - 89. Suppose 0 = 15*b - j*b + 60. What are the prime factors of b?
5
Let s(k) = 19*k**3 - 12*k**2 - 83*k - 5. List the prime factors of s(10).
3, 5, 13, 29
Let c = 281 - 189. Suppose 0 = -n - n + 2*m + c, -3*n = 4*m - 152. Let o = 125 - n. List the prime factors of o.
7, 11
Let n(x) = -611*x - 1321. List the prime factors of n(-49).
2, 41, 349
Let m(o) = 1862*o**2 + 20*o + 84. List the prime factors of m(-3).
2, 3, 2797
Suppose 0 = d - 7*d - 6606. Let r = 1660 + d. What are the prime factors of r?
13, 43
Suppose 13 = 4*y + 3*f, 2*f = 5*y - 3*f - 60. Let b(m) = -y*m + m**2 - 2 + 6 - 14*m + 27. List the prime factors of b(25).
131
Suppose 8*r = -3*r - r + 549216. What are the prime factors of r?
2, 3, 1907
Let c(w) = 43*w - 165. Let o be c(35). Let u = o + -514. List the prime factors of u.
2, 7, 59
Let h be (-2 + 60/21)/((-2)/(-14)). Suppose k - 4*m = 546, -2*k = -h*k + m + 2124. List the prime factors of k.
2, 5, 53
Let m(g) = 6*g + 59. Let k be m(-9). List the prime factors of -28*(k + -4)*58/(-4).
2